{"id":137,"date":"2021-10-17T16:52:42","date_gmt":"2021-10-17T14:52:42","guid":{"rendered":"https:\/\/www.yoga-vision.ch\/cms\/?page_id=137"},"modified":"2025-09-08T12:57:46","modified_gmt":"2025-09-08T10:57:46","slug":"kursangebote","status":"publish","type":"page","link":"https:\/\/www.yoga-vision.ch\/?page_id=137","title":{"rendered":"Kursangebote"},"content":{"rendered":"\r\n<div class=\"wp-block-group\">\r\n<div class=\"wp-block-group__inner-container is-layout-flow wp-block-group-is-layout-flow\">\r\n<div class=\"wp-block-columns is-layout-flex wp-container-core-columns-is-layout-9d6595d7 wp-block-columns-is-layout-flex\">\r\n<div class=\"wp-block-column is-layout-flow wp-block-column-is-layout-flow\" style=\"flex-basis: 100%;\">\r\n<h2>Kurse<\/h2>\r\n<div class='et-learn-more clearfix'>\n\t\t\t\t\t<h3 class='heading-more'>Dienstag<span class='et_learnmore_arrow'><span><\/span><\/span><\/h3>\n\t\t\t\t\t<div class='learn-more-content'><table id=\"tablepress-1\" class=\"tablepress tablepress-id-1\">\n<tbody class=\"row-striping row-hover\">\n<tr class=\"row-1\">\n\t<td class=\"column-1\">Lektion Abend fr\u00fch:<\/td><td class=\"column-2\">18.00 - 19.30 Uhr<\/td>\n<\/tr>\n<tr class=\"row-2\">\n\t<td class=\"column-1\">Lektion Abend sp\u00e4t:<\/td><td class=\"column-2\">20.00 - 21.30 Uhr<\/td>\n<\/tr>\n<tr class=\"row-3\">\n\t<td class=\"column-1\">Datum:<\/td><td class=\"column-2\">ab M\u00e4rz 2022<\/td>\n<\/tr>\n<\/tbody>\n<\/table>\n<!-- #tablepress-1 from cache --><\/div>\n\t\t\t\t<\/div>\r\n<div class='et-learn-more clearfix'>\n\t\t\t\t\t<h3 class='heading-more'>Mittwoch<span class='et_learnmore_arrow'><span><\/span><\/span><\/h3>\n\t\t\t\t\t<div class='learn-more-content'><table id=\"tablepress-2\" class=\"tablepress tablepress-id-2\">\n<tbody class=\"row-striping row-hover\">\n<tr class=\"row-1\">\n\t<td class=\"column-1\">Lektion Morgen:<\/td><td class=\"column-2\">08.00 - 09.45 Uhr<\/td>\n<\/tr>\n<tr class=\"row-2\">\n\t<td class=\"column-1\">Lektion Abend:<\/td><td class=\"column-2\">19.00 - 20.30 Uhr<\/td>\n<\/tr>\n<tr class=\"row-3\">\n\t<td class=\"column-1\">Datum:<\/td><td class=\"column-2\">ab M\u00e4rz 2022<\/td>\n<\/tr>\n<\/tbody>\n<\/table>\n<!-- #tablepress-2 from cache --><\/div>\n\t\t\t\t<\/div>\r\n<div class='et-learn-more clearfix'>\n\t\t\t\t\t<h3 class='heading-more'>Donnerstag<span class='et_learnmore_arrow'><span><\/span><\/span><\/h3>\n\t\t\t\t\t<div class='learn-more-content'><table id=\"tablepress-3\" class=\"tablepress tablepress-id-3\">\n<tbody class=\"row-striping row-hover\">\n<tr class=\"row-1\">\n\t<td class=\"column-1\">Lektion Morgen:<\/td><td class=\"column-2\">09.00 - 10.30 Uhr<\/td>\n<\/tr>\n<tr class=\"row-2\">\n\t<td class=\"column-1\">Lektion Abend:<\/td><td class=\"column-2\">18.00 - 19.30 Uhr<\/td>\n<\/tr>\n<tr class=\"row-3\">\n\t<td class=\"column-1\">Datum:<\/td><td class=\"column-2\">ab M\u00e4rz 2022<\/td>\n<\/tr>\n<\/tbody>\n<\/table>\n<!-- #tablepress-3 from cache --><\/div>\n\t\t\t\t<\/div>\r\n<p><a href=\"https:\/\/www.yoga-vision.ch\/?page_id=141\">Zur Anmeldung<\/a><\/p>\r\n<h2>Infos<\/h2>\r\n<p>Yoga wird mit leichter bequemer Kleidung und leerem Magen praktiziert (2-3 Std. vorher), trinken von Wasser, Gem\u00fcses\u00e4ften&nbsp;oder&nbsp;Fruchts\u00e4ften ist okay. Yogamatten sind vorhanden. F\u00fcr die Schlussmeditation evt. Socken und Decke mitbringen.<\/p>\r\n<p>Voraussetzung ist Freude und Offenheit f\u00fcr einen neuen Weg, sich selbst zu erfahren und eine Reise nach innen zu wagen.<\/p>\r\n<h2>Kosten<\/h2>\r\n<p>Um die Flexibilit\u00e4t zu erh\u00f6hen wurden 10er Karten eingef\u00fchrt.<\/p>\r\n\n<table id=\"tablepress-14\" class=\"tablepress tablepress-id-14\">\n<tbody class=\"row-striping row-hover\">\n<tr class=\"row-1\">\n\t<td class=\"column-1\">10er Karte 90 Minuten<\/td><td class=\"column-2\">CHF 240.-<\/td><td class=\"column-3\">Abendlektionen und Donnerstagmorgen<\/td>\n<\/tr>\n<tr class=\"row-2\">\n\t<td class=\"column-1\">10er Karte 105 Minuten<\/td><td class=\"column-2\">CHF 280.-<\/td><td class=\"column-3\">Mittwochmorgen Lektion <\/td>\n<\/tr>\n<\/tbody>\n<\/table>\n<!-- #tablepress-14 from cache -->\r\n<p>Die Yogakarte bitte immer mitbringen<strong>.<\/strong> Diese wird dann von mir vor oder nach der Lektion abgestempelt.&nbsp;<\/p>\r\n<h2>Raummiete<\/h2>\r\n<p>Der Yoga-Raum kann auf Anfrage gemietet werden.<\/p>\r\n<p><a href=\"https:\/\/www.yoga-vision.ch\/wp-content\/uploads\/2024\/11\/Miete-dich-in-meinen-Yogaraum-ein.pdf\">Mehr Infos<\/a><\/p>\r\n<h2>Wo<\/h2>\r\n<p>Kindergartenstr. 4<br>9463 Oberriet &#8211; Eichenwies<br>Es stehen einige Parkpl\u00e4tze&nbsp;zur Verf\u00fcgung ansonsten hat es gen\u00fcgend beim Friedhof, ca. 3 Min zu Fuss.<\/p>\r\n<p><iframe loading=\"lazy\" style=\"border: 0px currentColor;\" src=\"https:\/\/www.google.com\/maps\/embed?pb=!1m18!1m12!1m3!1d2704.411220189037!2d9.571127516398885!3d47.325839779167026!2m3!1f0!2f0!3f0!3m2!1i1024!2i768!4f13.1!3m3!1m2!1s0x479b3db2ef8574b1%3A0xabd452e5ffa33289!2sKindergartenstrasse+4%2C+9463+Oberriet%2C+Schweiz!5e0!3m2!1sde!2sde!4v1482762218942\" width=\"100%\" height=\"400\" frameborder=\"0\" allowfullscreen=\"allowfullscreen\"><\/iframe><\/p>\r\n<\/div>\r\n<\/div>\r\n<\/div>\r\n<\/div>\r\n\r\n\r\n\r\n<p><!--more--><\/p>\r\n\r\n\r\n","protected":false},"excerpt":{"rendered":"<p>Kurse Zur Anmeldung Infos Yoga wird mit leichter bequemer Kleidung und leerem Magen praktiziert (2-3 Std. vorher), trinken von Wasser, Gem\u00fcses\u00e4ften&nbsp;oder&nbsp;Fruchts\u00e4ften ist okay. Yogamatten sind vorhanden. F\u00fcr die Schlussmeditation evt. Socken und Decke mitbringen. Voraussetzung ist Freude und Offenheit f\u00fcr einen neuen Weg, sich selbst zu erfahren und eine Reise nach innen zu wagen. Kosten [&hellip;]<\/p>\n","protected":false},"author":2,"featured_media":0,"parent":126,"menu_order":0,"comment_status":"closed","ping_status":"closed","template":"","meta":{"ngg_post_thumbnail":0,"footnotes":""},"class_list":["post-137","page","type-page","status-publish","hentry"],"yoast_head":"<!-- This site is optimized with the Yoast SEO plugin v27.4 - https:\/\/yoast.com\/product\/yoast-seo-wordpress\/ -->\n<title>Kursangebote - Yoga Vision<\/title>\n<meta name=\"robots\" content=\"index, follow, max-snippet:-1, max-image-preview:large, max-video-preview:-1\" \/>\n<link rel=\"canonical\" href=\"https:\/\/www.yoga-vision.ch\/?page_id=137\" \/>\n<meta property=\"og:locale\" content=\"de_DE\" \/>\n<meta property=\"og:type\" content=\"article\" \/>\n<meta property=\"og:title\" content=\"Kursangebote - Yoga Vision\" \/>\n<meta property=\"og:description\" content=\"Kurse Zur Anmeldung Infos Yoga wird mit leichter bequemer Kleidung und leerem Magen praktiziert (2-3 Std. vorher), trinken von Wasser, Gem\u00fcses\u00e4ften&nbsp;oder&nbsp;Fruchts\u00e4ften ist okay. Yogamatten sind vorhanden. F\u00fcr die Schlussmeditation evt. Socken und Decke mitbringen. Voraussetzung ist Freude und Offenheit f\u00fcr einen neuen Weg, sich selbst zu erfahren und eine Reise nach innen zu wagen. Kosten [&hellip;]\" \/>\n<meta property=\"og:url\" content=\"https:\/\/www.yoga-vision.ch\/?page_id=137\" \/>\n<meta property=\"og:site_name\" content=\"Yoga Vision\" \/>\n<meta property=\"article:publisher\" content=\"https:\/\/www.facebook.com\/yogavisionanitawuest\" \/>\n<meta property=\"article:modified_time\" content=\"2025-09-08T10:57:46+00:00\" \/>\n<meta name=\"twitter:card\" content=\"summary_large_image\" \/>\n<meta name=\"twitter:label1\" content=\"Gesch\u00e4tzte Lesezeit\" \/>\n\t<meta name=\"twitter:data1\" content=\"1\u00a0Minute\" \/>\n<script type=\"application\/ld+json\" class=\"yoast-schema-graph\">{\"@context\":\"https:\\\/\\\/schema.org\",\"@graph\":[{\"@type\":\"WebPage\",\"@id\":\"https:\\\/\\\/www.yoga-vision.ch\\\/?page_id=137\",\"url\":\"https:\\\/\\\/www.yoga-vision.ch\\\/?page_id=137\",\"name\":\"Kursangebote - Yoga Vision\",\"isPartOf\":{\"@id\":\"https:\\\/\\\/www.yoga-vision.ch\\\/#website\"},\"datePublished\":\"2021-10-17T14:52:42+00:00\",\"dateModified\":\"2025-09-08T10:57:46+00:00\",\"breadcrumb\":{\"@id\":\"https:\\\/\\\/www.yoga-vision.ch\\\/?page_id=137#breadcrumb\"},\"inLanguage\":\"de\",\"potentialAction\":[{\"@type\":\"ReadAction\",\"target\":[\"https:\\\/\\\/www.yoga-vision.ch\\\/?page_id=137\"]}]},{\"@type\":\"BreadcrumbList\",\"@id\":\"https:\\\/\\\/www.yoga-vision.ch\\\/?page_id=137#breadcrumb\",\"itemListElement\":[{\"@type\":\"ListItem\",\"position\":1,\"name\":\"Startseite\",\"item\":\"https:\\\/\\\/www.yoga-vision.ch\\\/\"},{\"@type\":\"ListItem\",\"position\":2,\"name\":\"Kurse\",\"item\":\"https:\\\/\\\/www.yoga-vision.ch\\\/?page_id=126\"},{\"@type\":\"ListItem\",\"position\":3,\"name\":\"Kursangebote\"}]},{\"@type\":\"WebSite\",\"@id\":\"https:\\\/\\\/www.yoga-vision.ch\\\/#website\",\"url\":\"https:\\\/\\\/www.yoga-vision.ch\\\/\",\"name\":\"Yoga Vision\",\"description\":\"\",\"publisher\":{\"@id\":\"https:\\\/\\\/www.yoga-vision.ch\\\/#organization\"},\"potentialAction\":[{\"@type\":\"SearchAction\",\"target\":{\"@type\":\"EntryPoint\",\"urlTemplate\":\"https:\\\/\\\/www.yoga-vision.ch\\\/?s={search_term_string}\"},\"query-input\":{\"@type\":\"PropertyValueSpecification\",\"valueRequired\":true,\"valueName\":\"search_term_string\"}}],\"inLanguage\":\"de\"},{\"@type\":\"Organization\",\"@id\":\"https:\\\/\\\/www.yoga-vision.ch\\\/#organization\",\"name\":\"Yoga Vision\",\"url\":\"https:\\\/\\\/www.yoga-vision.ch\\\/\",\"logo\":{\"@type\":\"ImageObject\",\"inLanguage\":\"de\",\"@id\":\"https:\\\/\\\/www.yoga-vision.ch\\\/#\\\/schema\\\/logo\\\/image\\\/\",\"url\":\"https:\\\/\\\/www.yoga-vision.ch\\\/wp-content\\\/uploads\\\/2021\\\/10\\\/logo_farbig.png\",\"contentUrl\":\"https:\\\/\\\/www.yoga-vision.ch\\\/wp-content\\\/uploads\\\/2021\\\/10\\\/logo_farbig.png\",\"width\":1276,\"height\":241,\"caption\":\"Yoga Vision\"},\"image\":{\"@id\":\"https:\\\/\\\/www.yoga-vision.ch\\\/#\\\/schema\\\/logo\\\/image\\\/\"},\"sameAs\":[\"https:\\\/\\\/www.facebook.com\\\/yogavisionanitawuest\"]}]}<\/script>\n<!-- \/ Yoast SEO plugin. -->","yoast_head_json":{"title":"Kursangebote - Yoga Vision","robots":{"index":"index","follow":"follow","max-snippet":"max-snippet:-1","max-image-preview":"max-image-preview:large","max-video-preview":"max-video-preview:-1"},"canonical":"https:\/\/www.yoga-vision.ch\/?page_id=137","og_locale":"de_DE","og_type":"article","og_title":"Kursangebote - Yoga Vision","og_description":"Kurse Zur Anmeldung Infos Yoga wird mit leichter bequemer Kleidung und leerem Magen praktiziert (2-3 Std. vorher), trinken von Wasser, Gem\u00fcses\u00e4ften&nbsp;oder&nbsp;Fruchts\u00e4ften ist okay. Yogamatten sind vorhanden. F\u00fcr die Schlussmeditation evt. Socken und Decke mitbringen. Voraussetzung ist Freude und Offenheit f\u00fcr einen neuen Weg, sich selbst zu erfahren und eine Reise nach innen zu wagen. Kosten [&hellip;]","og_url":"https:\/\/www.yoga-vision.ch\/?page_id=137","og_site_name":"Yoga Vision","article_publisher":"https:\/\/www.facebook.com\/yogavisionanitawuest","article_modified_time":"2025-09-08T10:57:46+00:00","twitter_card":"summary_large_image","twitter_misc":{"Gesch\u00e4tzte Lesezeit":"1\u00a0Minute"},"schema":{"@context":"https:\/\/schema.org","@graph":[{"@type":"WebPage","@id":"https:\/\/www.yoga-vision.ch\/?page_id=137","url":"https:\/\/www.yoga-vision.ch\/?page_id=137","name":"Kursangebote - Yoga Vision","isPartOf":{"@id":"https:\/\/www.yoga-vision.ch\/#website"},"datePublished":"2021-10-17T14:52:42+00:00","dateModified":"2025-09-08T10:57:46+00:00","breadcrumb":{"@id":"https:\/\/www.yoga-vision.ch\/?page_id=137#breadcrumb"},"inLanguage":"de","potentialAction":[{"@type":"ReadAction","target":["https:\/\/www.yoga-vision.ch\/?page_id=137"]}]},{"@type":"BreadcrumbList","@id":"https:\/\/www.yoga-vision.ch\/?page_id=137#breadcrumb","itemListElement":[{"@type":"ListItem","position":1,"name":"Startseite","item":"https:\/\/www.yoga-vision.ch\/"},{"@type":"ListItem","position":2,"name":"Kurse","item":"https:\/\/www.yoga-vision.ch\/?page_id=126"},{"@type":"ListItem","position":3,"name":"Kursangebote"}]},{"@type":"WebSite","@id":"https:\/\/www.yoga-vision.ch\/#website","url":"https:\/\/www.yoga-vision.ch\/","name":"Yoga Vision","description":"","publisher":{"@id":"https:\/\/www.yoga-vision.ch\/#organization"},"potentialAction":[{"@type":"SearchAction","target":{"@type":"EntryPoint","urlTemplate":"https:\/\/www.yoga-vision.ch\/?s={search_term_string}"},"query-input":{"@type":"PropertyValueSpecification","valueRequired":true,"valueName":"search_term_string"}}],"inLanguage":"de"},{"@type":"Organization","@id":"https:\/\/www.yoga-vision.ch\/#organization","name":"Yoga Vision","url":"https:\/\/www.yoga-vision.ch\/","logo":{"@type":"ImageObject","inLanguage":"de","@id":"https:\/\/www.yoga-vision.ch\/#\/schema\/logo\/image\/","url":"https:\/\/www.yoga-vision.ch\/wp-content\/uploads\/2021\/10\/logo_farbig.png","contentUrl":"https:\/\/www.yoga-vision.ch\/wp-content\/uploads\/2021\/10\/logo_farbig.png","width":1276,"height":241,"caption":"Yoga Vision"},"image":{"@id":"https:\/\/www.yoga-vision.ch\/#\/schema\/logo\/image\/"},"sameAs":["https:\/\/www.facebook.com\/yogavisionanitawuest"]}]}},"_links":{"self":[{"href":"https:\/\/www.yoga-vision.ch\/index.php?rest_route=\/wp\/v2\/pages\/137","targetHints":{"allow":["GET"]}}],"collection":[{"href":"https:\/\/www.yoga-vision.ch\/index.php?rest_route=\/wp\/v2\/pages"}],"about":[{"href":"https:\/\/www.yoga-vision.ch\/index.php?rest_route=\/wp\/v2\/types\/page"}],"author":[{"embeddable":true,"href":"https:\/\/www.yoga-vision.ch\/index.php?rest_route=\/wp\/v2\/users\/2"}],"replies":[{"embeddable":true,"href":"https:\/\/www.yoga-vision.ch\/index.php?rest_route=%2Fwp%2Fv2%2Fcomments&post=137"}],"version-history":[{"count":20,"href":"https:\/\/www.yoga-vision.ch\/index.php?rest_route=\/wp\/v2\/pages\/137\/revisions"}],"predecessor-version":[{"id":598,"href":"https:\/\/www.yoga-vision.ch\/index.php?rest_route=\/wp\/v2\/pages\/137\/revisions\/598"}],"up":[{"embeddable":true,"href":"https:\/\/www.yoga-vision.ch\/index.php?rest_route=\/wp\/v2\/pages\/126"}],"wp:attachment":[{"href":"https:\/\/www.yoga-vision.ch\/index.php?rest_route=%2Fwp%2Fv2%2Fmedia&parent=137"}],"curies":[{"name":"wp","href":"https:\/\/api.w.org\/{rel}","templated":true}]}}